). Let k = o - -1458. What is the units digit of k?
0
Let p(g) = -28 - 6 + 0*g + 4*g + 10. Let y be p(7). Suppose -y*b + 202 = -54. What is the tens digit of b?
6
Let n(o) be the third derivative of -o**5/12 - o**4/8 - o**3/2 + 14*o**2. Let w(p) = -p**2. Let t(x) = -n(x) + 2*w(x). What is the units digit of t(-2)?
9
Let r be 11 + -8 - (-4)/2. Let f(q) = 5*q + 0*q - r*q - 6*q - 7 + q**2. What is the hundreds digit of f(-8)?
1
Suppose a + 2*a + 2*p = -59, 4*a + 82 = -2*p. Let j(z) = -17*z**2 + 10*z + 15. Let k be j(-2). Let d = a - k. What is the units digit of d?
0
Suppose 31062 = 5*p - v, 135*p - 133*p - v - 12423 = 0. What is the thousands digit of p?
6
Let y(x) = 26*x + 63 + 8 - 14*x. What is the tens digit of y(8)?
6
Suppose 53816 = -37*t + 9*t. Let j = 3735 + t. What is the tens digit of j?
1
Let h be 256/160*(-5)/2. What is the hundreds digit of (h + 2262/9)*(-12)/(-8)?
3
Let r(p) = p**3 - p**2 - 12*p + 23. Let j be r(7). Suppose 2*t = l + j, -2*l - 2*l = -5*t + 578. What is the units digit of t?
8
Let j be 3/(-2)*412/6. Let n = 204 + j. Suppose -3*i + u = -i - 64, -3*i + 4*u + n = 0. What is the units digit of i?
1
Let m = 1223 - -5243. What is the thousands digit of m?
6
What is the ten thousands digit of (16432/10 + 5)/(4/60)?
2
Suppose r - 2*b = 13, 0 = -3*r + 6*b - 4*b + 19. Suppose -1140 = -2*l - 2*x + 3*x, 0 = 2*l + r*x - 1140. What is the hundreds digit of l?
5
Let a(r) = -12*r - 155. Let s be a(-13). Suppose 0 = d + s, 3*d + 465 = y - 102. What is the tens digit of y?
6
What is the units digit of ((-10 + -44)/(-2))/(3/2386)?
4
Suppose 3*z + 82299 = 4*m + 8*z, m + 5*z - 20586 = 0. What is the units digit of m?
1
Let n(k) = -52*k - 3. Let b be n(-2). Let o(w) = -w**3 - 6*w**2 + 96*w - 1. Let m be o(-13). Let y = b + m. What is the units digit of y?
5
Let u = -43 + 405. Suppose -u - 476 = -j. What is the units digit of j?
8
Suppose -c - 42 = -3*h, -6*c = 5*h + 70 + 136. Suppose 71 = 3*o - 73. Let s = o + c. What is the units digit of s?
2
Suppose -4300 - 3227 = -13*h. Let u = h + -222. What is the units digit of u?
7
Let j be ((-1)/(-3))/(14/84). Let q(n) = 3*n - 49 - n**3 + 95 - 49 + 5*n**j. What is the tens digit of q(3)?
2
Let w = -13 + 26. Suppose -3*y + w*y = 4620. What is the units digit of y?
2
Suppose -342348 = 571*h - 583*h. What is the units digit of h?
9
Suppose -3*t = -6*t - 501. Let m be (-108)/(-27) + 0 + 280 + -1. Let z = t + m. What is the hundreds digit of z?
1
Let y = 18915 - -4439. What is the hundreds digit of y?
3
Suppose 3*f - y - 12 = -2, 20 = 5*f - y. Suppose -20 = -f*m + 30. What is the units digit of m?
0
Let v = -46 + 83. Let c = 38 + v. Suppose 0 = -i + 4*i - c. What is the tens digit of i?
2
Let d(w) = -2*w**3 - 20*w**2 - 8*w - 14. Let r(s) = 3*s**3 + 21*s**2 + 4*s + 13. Let v(f) = -4*d(f) - 3*r(f). What is the units digit of v(17)?
7
Let l = 14254 - 8453. What is the tens digit of l?
0
Suppose -6*t - 5*o - 20 = -t, 8 = t - 3*o. What is the units digit of (47/t)/((-6)/42)?
9
Suppose -1266*b = -1237*b - 463884. What is the tens digit of b?
9
Suppose 2*w - 40 = -l, 4*w - 3*l = -0*w + 60. Let r be (-6)/(-81)*-3 + 184/w. Let j(f) = 24*f - 16. What is the hundreds digit of j(r)?
2
Suppose 14*l = 36575 + 26369. What is the tens digit of l?
9
Let b(i) = 2*i**3 + 3*i**2 - 2. Let g(h) = 6*h**3 + 8*h**2 - 7. Let u(p) = 11*b(p) - 4*g(p). Let s be u(0). What is the tens digit of (-7)/21 + ((-590)/s)/(-1)?
9
Let f = 26996 + -12042. What is the ten thousands digit of f?
1
Let y(q) be the second derivative of 37*q**3/6 - 16*q**2 + 3*q + 1. What is the hundreds digit of y(11)?
3
Suppose -p + 10814 = -2*u, 5*p + 5*u - u = 54084. Suppose -405*c + 418*c - p = 0. What is the hundreds digit of c?
8
Let w(u) = u**2 + 18*u + 22. Let k be w(-18). Let b = k + -20. Suppose 2*m + 0*m + b*c - 132 = 0, -c - 56 = -m. What is the tens digit of m?
6
Let b(y) = -15*y**3 + 9*y**2 + 10*y - 20. Let j be b(6). Let s = -1955 - j. What is the tens digit of s?
2
Let z(v) = 380*v**3 + 3*v**2 - 23*v + 26. What is the tens digit of z(2)?
3
Suppose -10*f + 8*f + b = -38670, 18*f - 348094 = b. What is the units digit of f?
9
Suppose -18*k + 19*k - 80 = 0. Suppose k + 111 = r. What is the units digit of r?
1
Let f = -15231 + 32204. What is the thousands digit of f?
6
What is the hundreds digit of ((-20319)/(-52))/(-9*(-1)/732)?
7
Let w(f) = 6812*f**2 + 106*f + 253. What is the ten thousands digit of w(-3)?
6
Let h = -378 - -381. Suppose -h*r - 486 = -1692. What is the units digit of r?
2
Let r = -7146 - -14505. What is the thousands digit of r?
7
What is the units digit of -1*7 + 4*11/(-110)*-128845?
1
Suppose 2*t + 2 = 10. Suppose -1 = -t*p + 3, 4*c + 4*p - 324 = 0. Let v = c + 135. What is the hundreds digit of v?
2
Suppose 123*p - 4*l = 127*p - 9304, 0 = -5*p + l + 11636. What is the tens digit of p?
2
Suppose 5*q - 17 - 23 = 0. Suppose 0 = -3*y + q*y. What is the units digit of 624/20 + y - (-1)/(-5)?
1
What is the units digit of ((-195)/(-25))/((-57)/(-53960))?
4
Let u(q) = 13*q**2 - 16*q + 51. Let m be u(23). Suppose 17632 = 32*r - m. What is the units digit of r?
6
Let b(j) = 2*j - 2. Let z be b(5). Suppose -2*r + 18 = -x, -5*x = 3*r - 6 - z. Let p = r - -6. What is the units digit of p?
4
Suppose 2*y - 7006 = -2266. Suppose -y = -10*h + 620. What is the units digit of h?
9
Let q = -10 + 13. Suppose 0 = 12*v + 23 - 59. Suppose -2*k - 450 = -q*i, -90 = 2*i - v*k - 390. What is the hundreds digit of i?
1
Suppose 5*y - 411895 = -66030. What is the tens digit of y?
7
Suppose -4*a + 294 = -2*n, 5*a = 3*n - 95 + 464. What is the units digit of a?
2
Let a(r) = r**3 - 3*r**2 - 4*r + 2. Let q be a(4). Suppose k - 15 = -q. Suppose k = n - 54. What is the tens digit of n?
6
Let t(b) = -13*b - 36. Let o be t(-17). Suppose -398 = -3*n + 2*q + o, -201 = -n + 2*q. Suppose 2*h - 109 = n. What is the hundreds digit of h?
1
What is the units digit of (-4990*1)/((-20)/110*11)?
5
Let j = -73 - -93. Let o be (j*-4 - -1)*-1. Let f = o - -128. What is the units digit of f?
7
Suppose 15*c = -19 + 49. Suppose -2*i = 11*p - 7*p - 2684, -p = -c*i + 2709. What is the thousands digit of i?
1
Suppose -7*y + 2854 + 2074 = 0. Let f = -316 + y. What is the hundreds digit of f?
3
Suppose -4*z + 320 = a, -5*z - 12*a + 401 = -11*a. What is the hundreds digit of (z/45)/(15/13550)?
6
Let c = -388 + 390. Suppose c*r - 690 = -106. What is the hundreds digit of r?
2
Let f(i) = 993*i + 3315. What is the hundreds digit of f(17)?
1
Let d be (47/4)/(3/(-12)). Let p = -48 - d. Let y = 4 + p. What is the units digit of y?
3
Let b be 14/8 + (-15)/(-12). Suppose 7*l - b*l + 2*v - 910 = 0, l + 5*v = 214. What is the hundreds digit of l?
2
Let v = 5324 - -39648. What is the thousands digit of v?
4
Let i = 96 + -94. Suppose 2 = -2*r, -3*j = -i*r - 370 - 271. Let m = 365 - j. What is the tens digit of m?
5
Let s(i) = -148*i - 7. Let t(j) = -j. Let o(a) = 2*s(a) - 18*t(a). What is the units digit of o(-2)?
2
Let s be 16/(-24)*(-138)/2. Suppose 0 = 9*u - 12*u - 4*y + 50, 2*u - 4*y - 40 = 0. Let g = u + s. What is the tens digit of g?
6
Suppose -6*d = -10*d + 1252. Suppose 3*m + 636 = 5*t, -319 - d = -5*t + m. What is the tens digit of t?
2
Let q(l) = 101*l - 21. Suppose -3*b + 5*f - 5 = -0*b, 4*b = -4*f + 36. What is the tens digit of q(b)?
8
Let l be ((-132)/(-99))/(-2*(-2)/(-6)). Let k(q) = 46*q**2 - 7*q - 1. What is the tens digit of k(l)?
9
What is the tens digit of -19 - -53 - -23846 - 3/(-2)*-4?
7
Let t(r) = 3*r**2. Let x be t(-1). Let u be (53/(-3))/(x/(-81)*1). Suppose -5*j + 8*j - u = 0. What is the tens digit of j?
5
Let n = -21 + 18. Let j(h) = -h**3 - 5*h**2 - 4*h + 10. Let u be j(n). Suppose 5*x - u*y = 84 + 247, -4*y + 4 = 0. What is the units digit of x?
7
Suppose -56672 = -7*u + 19*u - 23*u. What is the units digit of u?
2
Suppose -5*v + 3109 = 4*c, -19*c + 13*c + 3*v = -4611. What is the hundreds digit of c?
7
Let z = 331 - -7452. What is the units digit of z?
3
Suppose -47*t = -227*t + 44640. What is the tens digit of t?
4
Suppose 0 = -5*m + 4*j + 1600, 0 = 3*m - 8*m - 4*j + 1560. Suppose -m*q + 318*q - 272 = 0. What is the units digit of q?
6
Let u = 3055 - 6364. What is the hundreds digit of u/(-5) + ((-102)/15 - -7)?
6
Let v = 20327 - 13544. What is the thousands digit o